uppose 3*o - l - 43 = 0. List the prime factors of o.
2, 3, 17
Suppose 8*z - 11*z - 4*y + 8632 = 0, -14372 = -5*z - 3*y. List the prime factors of z.
2, 359
Let a(q) = 2*q**2 + 13*q - 3. Let k be a(-7). Suppose 2*i - 4*i - 198 = -3*n, k*n + 4*i - 264 = 0. What are the prime factors of n?
2, 3, 11
Let u(v) = v**3 - 68*v**2 - 106*v + 301. What are the prime factors of u(70)?
7, 383
Let c(p) = -7*p + 11. Let w be c(-7). Let k(f) = -f**3 + 6*f**2 - 6*f + 2. Let g be k(5). What are the prime factors of (w/g)/(1 + -2)?
2, 5
Let h(f) = 4*f + 18. Let c be h(8). Let y(b) = -2 + b**2 + 47*b - c*b + 1 - b**3. What are the prime factors of y(-3)?
2, 11
Let w(k) be the first derivative of 11*k**2/2 + 29*k - 18. List the prime factors of w(4).
73
Suppose 0 = -10*n + 1674 + 1066. List the prime factors of n.
2, 137
Suppose 0*k - 17 = t - 4*k, 68 = -4*t + 5*k. Let a = t + 17. What are the prime factors of 43 - 2/2*a?
43
Let o(y) = 13*y**3 - 20*y**2 + 28. Let i(g) = -7*g**3 + 10*g**2 - 14. Let z(k) = 11*i(k) + 6*o(k). What are the prime factors of z(10)?
2, 7
What are the prime factors of (82 + -79)/((-6)/1)*-6502?
3251
What are the prime factors of 139488/84 + (-4)/7?
2, 5, 83
Let n be 1*(0 - -2) - -3. Let s(w) = -3*w**3 - w**2 - w. Let f be s(-1). Suppose -156 = -5*c + 2*u - n*u, 4*c + f*u = 126. List the prime factors of c.
2, 3, 5
Let n(z) = 2*z - 2*z - z + 11. Suppose b = 3 + 5. What are the prime factors of n(b)?
3
Let k = -50 + 96. Suppose -74 = 4*s + 38. Let l = s + k. What are the prime factors of l?
2, 3
Let c = 46 - 44. Suppose c*o = -o + 399. List the prime factors of o.
7, 19
Suppose 3*r - 10 = 4*d, -5*r + r + 3*d + 25 = 0. List the prime factors of ((-24)/r)/(36/(-120)).
2
Let j(q) = 11*q - 24. Suppose 5*o + k - 23 = 0, -4*o + k + 10 = -k. What are the prime factors of j(o)?
2, 5
Let t be (33 - 29) + 1*-1*3. What are the prime factors of 12 + 27 - (2*t + 0)?
37
Let u = -363 + 671. What are the prime factors of u?
2, 7, 11
Let h(n) = 6*n + 11*n + 3*n - 9 + 5*n. List the prime factors of h(6).
3, 47
Let t be (-1*27)/((-5)/((-60)/(-9))). What are the prime factors of (t/(-21))/((-15)/(-21) + -1)?
2, 3
Let m be -1*(-13 - 4/(-2)). Let y(h) = m*h + 3*h - 11*h - 7. What are the prime factors of y(3)?
2
Let g = 169 - -171. List the prime factors of g.
2, 5, 17
Let t(j) = -37*j + 51. Let r be t(-12). Suppose 0 = -25*h + 20*h + r. List the prime factors of h.
3, 11
Let t be (-1)/(-2)*(32 - 22). Suppose -r = -p - 0*r + 7, -5*p - t*r = 5. List the prime factors of (-2 - -1)*p - -35.
2
List the prime factors of ((2/5)/2)/((-3)/(-1695)).
113
Suppose -g - 4*g - 4 = -4*w, -5*w = -2*g - 5. Suppose 3*k + g*k = -3. Let m(s) = 51*s**2 - 1. What are the prime factors of m(k)?
2, 5
Let f be (0 + 2)/(2 + -1). Suppose -f*y + r + 19 = -0*y, -17 = -y + 3*r. Suppose -13*a + y*a = -40. List the prime factors of a.
2
Let l be 6 + 2/(-2)*3. Suppose -16 = -2*n - 5*s, -3*s + 2*s + 10 = -l*n. List the prime factors of n*(1 + 126/(-4)).
61
Suppose 0 = -3*x + 2*s + 197, -3*x + s - 69 = -262. List the prime factors of x.
3, 7
Let p = 2819 - -1895. What are the prime factors of p?
2, 2357
Let o(i) = -139*i**3 - 9*i**2 + 12*i + 14. What are the prime factors of o(-3)?
2, 5, 73
Let j = -20 - -25. Let v(t) be the first derivative of -t**4/4 + 5*t**3/3 + t**2/2 - 2*t - 2. What are the prime factors of v(j)?
3
Suppose -5*q = 4*q - 18. Let l = 5 + -5. Suppose -q*o + l*o + 84 = 0. List the prime factors of o.
2, 3, 7
Let c = 1494 - -787. List the prime factors of c.
2281
Suppose -3*d - 3*k + 4*k = -1199, -806 = -2*d + 2*k. List the prime factors of d.
2, 199
Suppose -4*s + 6*v + 14990 = 4*v, 10 = -2*v. List the prime factors of s.
5, 7, 107
Let q = -117 + 119. Suppose -158 - 111 = -v + 4*j, 0 = -4*v + q*j + 1104. What are the prime factors of v?
277
Let j = 25 + -17. Suppose 0 = j*n - 11*n + 6. What are the prime factors of n?
2
Suppose -4*s - 3*l = -0*l - 6013, 4*l = 3*s - 4541. List the prime factors of s.
11, 137
Let j(y) = -13*y**2 - 411*y - 2. What are the prime factors of j(-29)?
2, 3, 41
Let l(b) = 235*b**3 + 9*b**2 + 3*b - 3. What are the prime factors of l(1)?
2, 61
Suppose 4*t + 7 = -0*t + 5*s, -4*s = t - 14. Let w be 8 + (2 - (t - 1)). Suppose 4*y - 61 = -w. What are the prime factors of y?
13
Let v(p) = -23*p**3 - 2*p**2 + 1. Let g be v(1). Let c be 25/4 + (-18)/g. Let o(h) = -2*h**2 + 14*h + 7. What are the prime factors of o(c)?
7
Let k(n) = 16*n + 3. Let z(o) = 16*o + 3. Let y(p) = 4*k(p) - 3*z(p). Let f be y(9). Suppose 19 = -4*w + f. List the prime factors of w.
2
Let p(f) = -f**2 - 21*f + 13. Let b be p(-22). Suppose -2*x + 46 = -26. Let y = x + b. List the prime factors of y.
3
Suppose o - b = 4*o - 938, -4*b = 3*o - 944. List the prime factors of o.
2, 3, 13
Suppose -26*w + 51*w = 32925. What are the prime factors of w?
3, 439
Suppose -25 = 5*h, 0 = -5*j + 297*h - 295*h + 15340. What are the prime factors of j?
2, 3, 7, 73
Let t = 3718 + -2317. List the prime factors of t.
3, 467
Let d(w) = w**3 - 3*w**2 - w + 4. Let n = -12 + 9. Let c be (-13)/(-3) + 1/n. What are the prime factors of d(c)?
2
Let f = -2101 - -5597. What are the prime factors of f?
2, 19, 23
Let i(p) = -50*p + 2. Let r be i(-1). Let v = -11 - -25. Suppose -r = 12*z - v*z. What are the prime factors of z?
2, 13
Let t(f) = -11*f + 9. Let u be t(-10). Let z = -77 + u. List the prime factors of z.
2, 3, 7
Let g = 664 + -426. What are the prime factors of g?
2, 7, 17
What are the prime factors of -5 + 4 + -3 + 28?
2, 3
List the prime factors of ((-10)/(440/(-561)))/(6/784).
2, 7, 17
Suppose -2*i + 11 = -3*w, 0 = -w + 3*i - 10 - 3. What are the prime factors of 118 + 0 + (-8)/(-4) + w?
7, 17
Suppose -4*k + 8505 = 2*s + k, k = -2*s + 8501. What are the prime factors of s?
2, 5, 17
Let f be ((-16)/(-10))/(14/175). Suppose -f = 4*i, -2*i + 641 = 2*p + 57. List the prime factors of p/7 + (-6)/14.
2, 3, 7
Let d(q) = q**3 - 26*q**2 + 14*q + 3. Let r be d(26). Suppose -r = -3*l + 80. What are the prime factors of l?
149
Let p(h) = -h**3 + 5*h**2 + 3*h. Let r be p(3). Suppose -r*n + 153 = -24*n. What are the prime factors of n?
3, 17
Suppose 0*w + 5*w = 210. Let o = -3 + w. List the prime factors of o.
3, 13
Let a(d) = d**3 + 13*d**2 + 4*d - 8. Let l be a(-12). Suppose -c + 10 = -l. Suppose -34 - c = -4*u. List the prime factors of u.
3, 11
Let h(r) = 218*r - 162. List the prime factors of h(7).
2, 11, 31
Suppose o - 6*o = -c - 5, 26 = 3*o + 4*c. Suppose o*w = -2*s + 12, 0*s + 4*w - 18 = -2*s. List the prime factors of 24*(s + 27/(-12)).
2, 3
Suppose 20 = -3*v - 5*l, v + 12 = -v - 3*l. Suppose -3*s - 2*s + 190 = v. List the prime factors of s.
2, 19
Let f be (-5)/(-2)*(-6)/(-3). Suppose b + f*w = -3*b + 11, w + 23 = 2*b. Suppose b = -3*i + 81. What are the prime factors of i?
2, 3
What are the prime factors of 18/(-12)*112/(-6)?
2, 7
Let o(q) = -q**2 + q + 8. Let p be o(6). Let u be (-11)/p*10*2. Suppose -j + u + 9 = 0. List the prime factors of j.
19
Let k = -398 - -639. What are the prime factors of k?
241
Let k = -15 + 27. Suppose -2*n - k = -22. What are the prime factors of n?
5
Let k(q) = -2*q. Let l be k(0). Let g(v) = l + 5 + 2*v - 2. List the prime factors of g(4).
11
Let n(h) = h**3 + 5*h**2 + 5*h + 3. Let q be n(-4). What are the prime factors of (6/(-4)*q)/((-9)/(-60))?
2, 5
Let d(u) = 619*u**3 - 2*u + 1. Let a be d(1). Let h = a + -392. List the prime factors of h.
2, 113
Let v(z) = -33*z + 25. Let x(w) = -16*w + 12. Let f(k) = -2*v(k) + 5*x(k). List the prime factors of f(-8).
2, 61
Suppose y - 5*a = 21, 3*y - 85 = 3*a + 14. Let b = -21 + y. List the prime factors of b.
3, 5
What are the prime factors of 21/(-4)*(-23 - -11)?
3, 7
List the prime factors of 6/(-7) + 5934/14.
3, 47
Let r = 1484 + 873. List the prime factors of r.
2357
Let o(l) = 6*l - 5. Suppose -3*c - 10 = -85. Suppose 5*h = n - 5 - 0, -4*h - c = -5*n. List the prime factors of o(n).
5
Suppose 0 = 5*l - 0*l + 10. Let u(s) = -17*s - 1. Let d be u(l). Suppose -d = -5*b - y + 93, 3*y + 142 = 5*b. List the prime factors of b.
2, 13
Let q = -9 + 5. Let y be (-1)/4 - 741/q. Suppose -7*r = -2*r - y. What are the prime factors of r?
37
Suppose 0 = 5*n + 3*v - 7401, -n + 11*v - 16*v + 1489 = 0. List the prime factors of n.
3, 17, 29
Suppose -